*r**2. Calculate i(7).
22
Let y(z) = -2*z**2 - 1. Let v(l) = 7*l**2 + l + 4. Let t(i) = -v(i) - 4*y(i). Determine t(-4).
20
Let x(c) = -3 - 4*c + c**3 + 4 - 1 - 3. Let f(w) = w**3 - 8*w**2 - w + 6. Let k be f(8). Give x(k).
-3
Suppose c = 2*d + 8, 4*d + 6 = c - 6. Let a(g) = -2 + 221*g + c - 222*g. Let b be (-4)/(-20) + (-26)/5. Determine a(b).
7
Let p = 83 - 79. Suppose -5*x - 2*m + 23 = 0, p*x + m = -0*m + 19. Let n(r) = r**3 - 6*r**2 + 6*r - 7. What is n(x)?
-2
Let p(b) be the second derivative of -b**4/12 + 2*b**3/3 + 71*b**2/2 + 941*b. Calculate p(11).
-6
Let t = -1609 - -1607. Let d(l) = -3*l**2 + 5*l + 7. Give d(t).
-15
Suppose 4*v + 8 = 5*p, -2*p + 1 = -3*v + 2. Let h(w) = 0 - 7 + 3 + v - w**2. Determine h(2).
-5
Let m(c) = c - 11. Let w be m(16). Let y(u) = u + 4. Determine y(w).
9
Let a(h) = 2*h - 8. Let u be 4/(((-7)/28)/(2/4)). Give a(u).
-24
Let w(v) = -2*v + 9. Let t(o) = 8*o + 418. Let n be t(-53). What is w(n)?
21
Suppose 5*o + 2*b + 10 = -b, 1 = -4*o - b. Let x(h) = 9*h**2 - h + 1. Give x(o).
9
Let v(s) be the third derivative of -s**5/60 + 3*s**4/8 - s**3/2 + 2135*s**2. Let i be ((-14)/(-8))/((-3)/(-12)). Give v(i).
11
Let l(k) = k - 2 + 3 + 7. Let z(p) = -5*p - 7. Let s be z(0). What is l(s)?
1
Let v = -493 + 495. Let b(i) = -i**3 + i**2 + i - 6. Give b(v).
-8
Let n = 26 - 11. Suppose -5*k - n = -0*k. Let h(q) = q**3 - 4*q**2 - 3*q + 7. Let r(i) = 2*i**3 - 7*i**2 - 6*i + 13. Let l(v) = 11*h(v) - 6*r(v). Give l(k).
-1
Suppose 860 = -3*s + 8*s + 5*r, s - 5*r = 154. Suppose 16*g + s - 25 = 0. Let c(z) = z - 5. Calculate c(g).
-14
Let l(t) = 3*t**2 - 2*t + 1. Suppose -20 = -23*h + 19*h. Suppose 0 = -h*f + 7 - 2. Determine l(f).
2
Let d(z) = z**2 - 5*z + 3. Let x be d(5). Let a(o) = -o**2 - x + 6 + 4*o - o. Determine a(5).
-7
Let m(n) = n**3 - 2*n**2 - n + 4. Let h be 0/((2 - 6)*(-2)/8). Give m(h).
4
Let h(t) = 0*t - 23 + 43 - 25 + 2*t. Let d(k) = -3*k + 10. Let b(p) = 3*d(p) + 5*h(p). What is b(-6)?
-1
Let i = -1568 - -1563. Let x(l) be the first derivative of l**2/2 + 3*l + 1. What is x(i)?
-2
Let x = 20 + -16. Suppose -8*f + 4*f - 16 = -2*u, 0 = 3*u - 4*f - 16. Let p(k) = 0 - 2 + 2*k + u. Give p(x).
6
Let v(u) be the second derivative of 1/3*u**4 - 1/3*u**3 - u**2 + 4*u + 1/20*u**5 + 0. Let f be v(-4). Let w(c) = -2*c + 4. Determine w(f).
-8
Let f(j) = -3*j - 349 + 6*j + 350 - 3*j**2 - j + 4*j**2. Calculate f(2).
9
Let g(w) = 21*w - 1. Suppose -5*u - 63 = -2*d, -5*d = 4*u - 5 - 70. Let p(r) = 2*r**2 - 38*r + 1. Let f be p(d). Calculate g(f).
20
Let h(s) = -30*s - 418. Let p be h(-14). Let w(c) be the third derivative of 1/3*c**3 + 0 + 0*c - 1/24*c**4 - 10*c**p. What is w(-4)?
6
Let v(w) = -8*w**2 - 14*w - 16. Let u(b) = -5*b**2 - 8*b - 8. Let o(f) = -7*u(f) + 4*v(f). Give o(4).
40
Let t be (-2)/((-36)/58) + (-58)/261. Let i(c) = -c**3 + 2*c**2 - 4. Determine i(t).
-13
Let b(g) = 12*g - 2. Let s = -266 + 264. Determine b(s).
-26
Let o(t) = 6*t + 5*t - 25*t + 9*t + 10*t - 1. What is o(7)?
34
Let n(m) be the first derivative of -3*m**2 + 4*m - 3. Let w(q) = -q - 7. Let b be w(-9). Let y be ((-276)/(-48) + 1/4)/b. Calculate n(y).
-14
Let f(j) be the first derivative of -j**3/3 - 2*j**2 - j + 1. Let y(l) = -4*l**2 - 2*l + 2. Let g be y(2). Let x = -22 - g. What is f(x)?
-1
Let h(g) = -g**2 + 5*g - 5. Let d = 10 - 6. Suppose 3*o - 40 = -2*o + 5*j, 4*j = 0. Suppose d*m - o = -i, -3*i + 17 - 3 = 2*m. Determine h(i).
-1
Let m(d) = -6*d - 3. Suppose -c = 3*k + 10, 2*c + 8 - 21 = 5*k. What is m(k)?
15
Let q = 8 + -6. Let n = -20 + 24. Let w(v) = -4*v + 4*v - 1 - n*v + v. What is w(q)?
-7
Suppose -9*c = -2*k - 6*c + 9, 5*k = -5*c - 15. Let v(p) = p - 1 - 2 - p**2 - 1. Give v(k).
-4
Let w(x) = -x**3 - 6*x**2 + 9*x + 7. Suppose 5*v + 3*d + 4 + 37 = 0, -4*v + 3*d = 22. Give w(v).
-7
Let s(b) be the second derivative of 10*b + 0 - 3/2*b**2 - b**3 + 1/12*b**4. Give s(6).
-3
Suppose 3*m = 4*m + 4*n - 10, 0 = -3*m - 3*n + 21. Let u(t) be the second derivative of -t**3/6 - 3*t**2 + 3*t + 43. Give u(m).
-12
Let b(t) = 3*t + 1. Let n(z) = -3*z - 1. Let f(d) = -6*b(d) - 5*n(d). Let k be (-8)/44 - 4/(-22). Suppose 0 = -k*q + 6*q - 18. Determine f(q).
-10
Let x = -4 - -2. Let b be 819/169 - (-2)/13. Let g(o) = o**3 + 1 + 3 - b. Calculate g(x).
-9
Let k(v) = -v - 2. Let l(c) = -c**3 + 5*c**2 + 5*c + 8. Let t be l(6). Suppose 5*i = -h - t + 24, -6 = h - 2*i. Give k(h).
-4
Let f(z) = z**3 - 6*z + 2. Suppose g = -0*g + 2. Let k(p) = -p + g*p + p**2 - 2*p. Let n(v) = -f(v) + 3*k(v). Determine n(4).
-6
Suppose -d - d = -2. Let b(i) = -3*i - 1. Let f be b(d). Let n(x) be the second derivative of -x**5/20 - x**4/4 + 2*x**3/3 - 11*x - 8. Determine n(f).
0
Let m(u) = -3*u**2 - 2*u - 1. Let o(b) = 6*b. Let s be o(3). Let w be s/(-12)*8/(-6). Suppose w = 4*c - 5*g, 4*g + 5 + 7 = -2*c. Determine m(c).
-9
Let i(j) be the second derivative of -j**4/6 + j**3/3 + 3*j**2/2 + 48*j. Determine i(3).
-9
Let i(b) be the second derivative of b**3/3 - 2*b**2 + 27*b. Let m(a) = -a**3 + 3*a**2 + 7*a - 6. Let q be m(4). Determine i(q).
8
Let x(f) = 23*f - 52. Let u(c) = -7*c + 16. Let s(z) = -7*u(z) - 2*x(z). Let h = -7 + 13. Determine s(h).
10
Let s(v) = -v**3 - 5*v**2 + 6*v + 4. Suppose -z - 6 = -3*w, -116*z - 2*w = -120*z - 24. Calculate s(z).
4
Let l(u) = 3 - 3 + 6*u + u**2 - 5 - 1 + 1. Determine l(-5).
-10
Let a(o) = o**2 + 9*o - 1. Suppose 162*u = 176*u + 98. Determine a(u).
-15
Let f(c) be the first derivative of -c**3 - 2*c**2 - 2*c + 143. Calculate f(-2).
-6
Let u(y) = y**3 - 3*y**2 + 3*y - 2. Let l be 9 - -8*(-4)/(-8). Let k = 16 - l. Give u(k).
7
Let v(l) be the third derivative of -l**4/24 + 3*l**3/2 - 454*l**2. Calculate v(9).
0
Let f = 3 - 3. Let c(l) = 1 + l - 4*l + 2*l + f. What is c(2)?
-1
Let z(o) = 9*o - 14. Let f(y) = -20*y + 29. Let c(j) = 6*f(j) + 13*z(j). Determine c(-7).
13
Let o(r) = 3*r + 1. Let n be (-4)/(-16) + (-2)/8. Let v(f) = -6*f - 76. Let x be v(-15). Suppose -2*q - x = 3*d, n = -4*d + 6*d + 8. Determine o(q).
-2
Let m(p) = 6*p + 1. Let s(h) = -2*h + 15. Suppose -19*o = -22*o + 21. Let b be s(o). What is m(b)?
7
Let c(h) = h**2 - 3*h - 3. Suppose -7*r + 2*r = 20, 0 = -2*p + 2*r + 26. Suppose 4*i = -4, 4*s - 28 = 3*i - p. Calculate c(s).
1
Let w(z) = z**3 - z - 5. Let a be -1 + 3 + -6 + -2. Let m(t) = -t - 3. Let u be m(a). Suppose -4*p + 25 = l + p, 0 = u*l + 2*p - 10. Calculate w(l).
-5
Suppose 830*d - 95 = 849*d. Let g(r) = -7 + 1 - 2*r + 1. What is g(d)?
5
Let b(p) = -7*p + 11. Let n(v) = v**3 - 5*v**2 + 5*v + 7. Let o be n(5). Let q(s) = -3*s + o - 9*s - 8*s. Let d(i) = -17*b(i) + 6*q(i). What is d(-6)?
11
Let m(o) = -o + 3 + 3*o - 2. Let b = -63 + 73. Let h be ((-60)/(-25) + -2)/(4/b). Determine m(h).
3
Let m(f) be the third derivative of 3*f**4/8 + f**3/3 + 4*f**2. Let i = 30 + -29. Let b be (4/(-6))/(i/3). Calculate m(b).
-16
Let u be -5 - -4 - (-1 + -5). Let b(k) = 1 + k**3 + 0 - 2 + 4*k - 6*k**2. Calculate b(u).
-6
Let h(t) be the second derivative of -t**3 + 3*t**2/2 + 286*t. Determine h(-6).
39
Let c(g) be the third derivative of g**6/60 - g**5/30 + g**4/8 - g**3/6 - 25*g**2 - 3. Determine c(2).
13
Let v(o) = 5*o**2 + 3*o + 1 - o**3 + 2 + 0 - 1 + 0*o**2. Determine v(5).
17
Let v(r) = 1562*r + r**2 - 3114*r + 1552*r. Determine v(-4).
16
Let y(n) be the first derivative of n**4/4 + 2*n**3/3 + n**2/2 + n - 4. Give y(-1).
1
Suppose 10*t - 31*t - 63 = 0. Let y = 8 - 11. Let j(v) = v**3 + v**2 - v. Let o(n) = n**3 + 1. Let r(x) = y*j(x) + 2*o(x). What is r(t)?
-7
Let m(h) = -h**2 - h - 7. Let j(q) = -26*q - 78. Let i be j(-3). Give m(i).
-7
Let p be (0*(3 - 2))/1. Suppose -2*d = -p*d - 4*n - 26, -d - 4*n = 17. Let a(j) = -4*j + 2*j**2 + 3*j**2 - 4*j**3 + j**3 + 2*j**d. What is a(4)?
0
Suppose 120*o - 118*o = 186. Let c(j) = -o*j - 6 + 44*j + 50*j. Calculate c(7).
1
Suppose 5*x - 1 = 4*x. Let q(h) = 4*h**2 + 163 + 158 - 322 + 2*h. Give q(x).
5
Let u be 2/(-5) + 284/10. Let t = u - 23. Let h(q) = -q. Let s(b) = 2*b**2 - 3*b - 7. Let p(k) = 3*h(k) + s(k). Determine p(t).
13
Let c be -2 + (2 - 1) + 2. Let j(p) = 3*p**3 - 2*p**2 - 9*p - 10. Let r(o) = -o**3 - 2*o - 2. Let g(x) = j(x) - 5*r(x). Determine g(c).
7
Let r(q) = -3 - 2 + 3 - 19*q + 18*q. Give r(8).
-10
Let j(b) = -3*b + 0 - 3 - 36*b**3 + 4*b**2 + 35*b**3. Calculate j(3).
-3
Let j(